*j + 5. Let z(u) = 4*p(u) - 3*q(u). List the prime factors of z(-4).
3, 11
Let c be (-20)/((14/(-4))/(-7)). Let q be ((-32)/(-10))/((-8)/c). Suppose t = 3*u - 2*u + q, 5*t + u - 68 = 0. List the prime factors of t.
2, 7
Let b be ((-2)/2)/((-2)/34). Let a = b - 7. List the prime factors of a.
2, 5
Suppose -44 = -3*p + 4*y, 2*p = y - 0*y + 21. Let z = -6 + p. Suppose -3*h + 5*r + 25 = 4, r + 14 = z*h. What are the prime factors of h?
7
Suppose 0*g = h - 4*g - 24, -h - 8 = 4*g. Suppose -4*p - 16 = 4*z, 4*z - h*z - 13 = p. What are the prime factors of (4/14)/(p/(-119))?
2, 17
Suppose 0*v - 10 = -4*z + 2*v, -4*v - 4 = 0. Suppose -z*a + 2*r = 3*a - 46, 4*a = 4*r + 32. What are the prime factors of (a - 16)*(1 + -2)?
2, 3
Let a be 3/(-9) + 4251/9. Suppose -m + a = 4*z - 0*m, -238 = -2*z - m. Suppose -x - 2 = -5*i, -i + z = 4*x + 4*i. What are the prime factors of x?
23
Suppose d = -4*d + 10, 3*d + 4 = 2*k. Let g = 19 + -15. Suppose g*t + 2*h = 104, -3*t = -2*t + k*h - 44. List the prime factors of t.
2, 3
Let o(h) = 61*h - h**2 + 25 - 61*h - 9. List the prime factors of o(0).
2
Let l(y) = y**3 + 11*y**2 + y + 15. Let u be l(-11). Suppose u*g = g + z + 46, 0 = -3*g - 4*z + 56. List the prime factors of ((-45)/6)/((-6)/g).
2, 5
Let w = -13 - -51. What are the prime factors of w?
2, 19
Let g = 170 - -26. List the prime factors of g.
2, 7
Suppose -12*l + 14*l = -2*h + 1116, 0 = -l - 4. What are the prime factors of h?
2, 281
Suppose 3*q + h - 6 = -29, 0 = -q + 3*h - 21. What are the prime factors of 544/6 - q/27?
7, 13
Let p = 8906 + -3119. List the prime factors of p.
3, 643
Let l = 22 + -2. Let u = l + 29. List the prime factors of u.
7
Let j(r) = -r**3 + 5*r**2 + 139*r - 18. List the prime factors of j(9).
3, 101
Let j(m) be the first derivative of -3*m**2 - 12*m + 13. What are the prime factors of j(-11)?
2, 3
Let g = -1637 - -2525. List the prime factors of g.
2, 3, 37
Suppose 263*q - 273*q + 1720 = 0. What are the prime factors of q?
2, 43
Suppose -3*z = -h + 7 + 15, 2*h - 23 = 3*z. Let m = z - -10. Suppose 5*k + 5*f - 50 = 0, 4 = 3*k - m*f - 20. What are the prime factors of k?
3
Let w be (-45)/20 + 1/4 - -29. Let x = 33 + w. List the prime factors of x.
2, 3, 5
Let v(f) = f**3 - 6*f + 4. Suppose -4*g = -9*g + 20. List the prime factors of v(g).
2, 11
Let q = 36 - -606. What are the prime factors of q?
2, 3, 107
Let z(f) = f**3 + 5*f**2 + 3*f + 5. Let j be z(-4). Let r = j - -1. What are the prime factors of r?
2, 5
Let l(j) = 3*j**2 + j - 2. Let h be l(2). Suppose -k = 4 - 3. What are the prime factors of (11 - h)*23*k?
23
Suppose 93 = -18*n + 9669. What are the prime factors of n?
2, 7, 19
Let d = -595 + 1025. What are the prime factors of d?
2, 5, 43
Let k(q) = q**3 - 18*q**2 + 136*q. List the prime factors of k(7).
7, 59
Let j(b) = -89*b + 124. What are the prime factors of j(-10)?
2, 3, 13
Let m(g) be the third derivative of g**6/60 + g**4/12 - g**3/6 + 2*g**2. Let u be m(1). Suppose -u*r = -157 + 13. List the prime factors of r.
2, 3
Let z(j) = 56*j**2 - 10*j + 22. List the prime factors of z(4).
2, 439
Let a(f) = -54*f + 4. Let t(b) = -53*b + 5. Let h(z) = 4*a(z) - 3*t(z). List the prime factors of h(-1).
2, 29
Suppose 0 = 4*m + 2*r + 184, 0*r + 4*r = 3*m + 116. Let f(w) = -w - 7. Let j be f(-6). List the prime factors of 1 + 3 + j - m.
47
Let m(i) = i**2 + 6*i + 7. Let w be (0/(-4) + -1)*12. Let j be w/(-8)*-2 - 3. List the prime factors of m(j).
7
Let p(r) = -r**2 - 11*r + 13. Let l be p(-12). Let c(q) = -15*q - l + 6*q + 10*q. What are the prime factors of c(7)?
2, 3
Let i(n) = n**2 - 11*n + 3. Let a be i(-14). Let x = a + -198. What are the prime factors of x?
5, 31
Let d(j) = 2*j**2 + 6*j + 13. List the prime factors of d(-18).
7, 79
Let l = 17 - 13. Suppose 100 = l*a + 2*f, 0 = -a + 3*a - 3*f - 66. Let i = a - 19. List the prime factors of i.
2
Let h = 33 + -32. Let d be (h + 1)/((-6)/39). Let l = 60 + d. What are the prime factors of l?
47
Let s = -70 - -1368. What are the prime factors of s?
2, 11, 59
Suppose 35*d + 218 - 26328 = 0. List the prime factors of d.
2, 373
Let c = -347 - -998. List the prime factors of c.
3, 7, 31
Suppose 3*v = 15, 4*d - 4*v - 3 = -55. Let z(w) = -w**2 - 19*w - 3. Let p be z(d). Suppose 0 = -4*u + 20, 0*o = -2*o + u + p. List the prime factors of o.
3, 5
Let s = 2552 - 1348. List the prime factors of s.
2, 7, 43
Let s(c) = -44*c - 24. List the prime factors of s(-9).
2, 3, 31
Suppose 12*z - 3*z = 16128. List the prime factors of z.
2, 7
Suppose 0 = 3*n + 92 - 236. What are the prime factors of (-860)/(-18) + (2 - n/27)?
2, 3
List the prime factors of (-9)/18*24 + 4719.
3, 523
Let v = -70 - -82. List the prime factors of v.
2, 3
Suppose 15408 = -458*r + 466*r. List the prime factors of r.
2, 3, 107
Let p(u) be the third derivative of 1/60*u**5 + 0*u**3 + 0*u - 1/12*u**4 + 0 - 5*u**2. List the prime factors of p(-6).
2, 3
Let x(q) = -q**3 + 4*q**2 + 4*q. Let c be x(5). Suppose -3*a - 19 = -5*n, -4*a = -0*a + 5*n + 72. Let w = c - a. What are the prime factors of w?
2
Let h(n) = 36*n - 9. Let k be h(7). Suppose -2*p + 121 = i, 2*i = -6*p + 3*p + k. What are the prime factors of i?
3, 41
Let j(h) = h**2 - 3*h + 12. Let a be j(5). Suppose -5*i + a + 3 = 0. Suppose 0*n - 4*n = i*b - 156, 0 = -5*b + n + 136. What are the prime factors of b?
2, 7
Suppose 3*d + 3*y = -6, -d + 2*d = y + 6. What are the prime factors of ((-16)/(-10))/(18/(-10) + d)?
2
Let t = 81 - 53. Suppose 0*j - a - 164 = -3*j, -j = 5*a - t. What are the prime factors of j?
53
Let c = 344 - 189. Suppose -h = -3*h + 8, -3*z - 5*h + c = 0. What are the prime factors of z?
3, 5
Suppose -d = 5*h - 18 - 10, 0 = d + 4*h - 23. Suppose -4*b + d*a = -0*a - 195, 2*a = -2*b + 108. List the prime factors of b.
3, 17
Let j = 799 + 1939. What are the prime factors of j?
2, 37
Let a = -31 - -50. Let m = a - -41. List the prime factors of m.
2, 3, 5
Suppose -5*m + 3*t + 1761 = -1129, -20 = -4*t. List the prime factors of m.
7, 83
Suppose -5*p - 33 = -10*p - o, -4*p - o = -26. Suppose -p*k + 8*k = 102. List the prime factors of k.
2, 3, 17
Suppose -45*x + 47*x - 24 = 0. What are the prime factors of 45 - (x/4 + -1) - 0?
43
Let v(k) = 7*k**2 - 5*k - 5. List the prime factors of v(-7).
373
Let g(y) = -y**3 - 2*y**2 + y - 3. Let u be g(-3). Suppose u*j + 0*j = -4*o + 193, 0 = j + 2*o - 67. What are the prime factors of j?
59
Let w(u) = -u**3 + u**2 - 6*u + 28. Let n be w(0). Suppose -22*a = -n*a + 1632. List the prime factors of a.
2, 17
Let m(u) = -4*u + 21. Let k be (27/(-15))/((-3)/15). Let l be m(k). Let v = 22 + l. List the prime factors of v.
7
Let w = 2 + -2. Suppose 2*b = -w*b + 2. What are the prime factors of (b/3)/(2/174)?
29
Suppose -2*r + 3250 = 8*r. Let t = r - 68. List the prime factors of t.
257
Let f = -42 - -127. What are the prime factors of (-1)/(-4 - -3) + f?
2, 43
List the prime factors of 85140/60 - -3*(-2)/3.
13, 109
Suppose 0 = -3*u + 3*h, u + h - 12 = -4*h. Let t be 630/(-39) + u/13. List the prime factors of (-7)/((0 - -2)/t).
2, 7
Suppose -b = -d + 283, 4*b + 0*b = -3*d + 870. Suppose 8*l + d = 10*l. List the prime factors of l.
11, 13
Suppose -a + 0 - 7 = 0. What are the prime factors of 746/7 + 1*(-3)/a?
107
Let i = -568 - -1416. What are the prime factors of i?
2, 53
Let q(y) = 2*y**3 - 2*y**2 + 6*y - 10. List the prime factors of q(3).
2, 11
Suppose -37*o = -13*o - 22320. List the prime factors of o.
2, 3, 5, 31
Let q be (8 + -2)*16/24. Suppose 0 = 4*v + v - 20, -l + q*v = 16. Suppose 5*t + 25 = 0, 4*c - t + l*t - 77 = 0. List the prime factors of c.
2, 3
Let g(w) = -3*w + 66. Let z be g(21). List the prime factors of -5 + 188/6*z.
89
Suppose 5*f - 2677 = 2558. What are the prime factors of f?
3, 349
Let j be (-16)/(-2 + 0) + -4. List the prime factors of 2/j + (-9265)/(-34).
3, 7, 13
Suppose -46*k + 32*k + 42112 = 0. List the prime factors of k.
2, 47
Let w be (24/(-3))/(-4) - 0. Suppose -5*n + i - 1 = 0, 8 = 2*n - w*i + 2. What are the prime factors of (-14)/n - 6/3?
2, 3
Let p(l) = -22*l - 6. Let m be p(-3). Suppose 5*b - m + 0 = 0. Suppose 0 = -3*v + b, -9 = 2*u - 3*v - 31. List the prime factors of u.
17
Let d(q) be the second derivative of q**4/3 + q**3/2 - 3*q**2/2 - q. Suppose -8*c - 63 = 13*c. What are the prime factor